*3 + d**2 + d + 1. Let o(s) = 6*s**3 + 15*s**2 + 9*s. Let n(p) = -o(p) + 7*z(p). Determine n(8).
-9
Let t(v) be the second derivative of -v**3/6 - 3*v**2 - 249*v. Let l(s) = 7*s + 29. Let k(m) = 2*l(m) + 11*t(m). Give k(-9).
-35
Suppose 0 = -4*m - 16, 6*s - 4*m - 26 = s. Suppose -99 = -5*y + 4*r + 76, 4*r + 82 = s*y. Suppose -y = -8*v + 17. Let b(n) = -n - 2. Give b(v).
-8
Let f = -238 + 244. Suppose -o + 0*l + f = -3*l, 5*l = -3*o - 10. Let h(b) = b**2 + b**3 - 1 + 2 + 0*b**2. Calculate h(o).
1
Let s(x) = x + 10. Let k(m) = m + 9. Suppose 3*l = z - 15, 2*l + 5*z = -5 + 12. Let t(v) = l*s(v) + 5*k(v). Let y be (1/(-1) - -1)/(-6 + 9/1). Calculate t(y).
5
Suppose 0*w - 4*w - 16 = 0. Let x(y) = 6*y - 10. Let b(j) = -7*j + 11. Let d(v) = w*b(v) - 5*x(v). Suppose 114*m - 113*m + 2*g = 19, -3*g = -18. Calculate d(m).
-8
Let y(r) = r**3 - 10*r**2 - 14*r + 17. Let j(o) = -3*o + 149. Let m be j(46). Determine y(m).
-16
Let p(o) = 30*o - 63. Let l(i) = -4*i + 5. Let s(z) = 26*l(z) + 2*p(z). Determine s(-2).
92
Let w(h) = -h**3 - 13*h**2 - 24*h - 24. Let v = 6 + -1. Suppose 3*r = -4*l - 47, r = -v*l + 9 - 65. Let n be w(l). Let m(f) = -2*f. Determine m(n).
4
Suppose 3*v - 15 = 6. Let r(l) = -2985*l + 5. Let g(x) = -6715*x + 9. Let a(d) = 4*g(d) - 9*r(d). Determine a(v).
26
Let j = -727 - -729. Let n(y) = 149*y**2 - 3*y + 1 + 0 - 2 - 148*y**j. What is n(4)?
3
Let c(p) be the first derivative of 2*p**2 - 12*p + 1708. Give c(0).
-12
Suppose -28370*a + 23 = -28350*a + 3. Let f(n) = 1 - 2 + 0 - 48*n. What is f(a)?
-49
Let t(q) = 19*q + 13 - 18*q + q**2 - 28*q + 19*q. What is t(7)?
6
Suppose 2*h = 4*h + 42 - 36. Let y(o) = -o**3 - o**2 + 9*o + 15. Determine y(h).
6
Let v(p) = -9*p**3 - p**2 - 4*p + 4. Let c(x) = -11*x**3 + x**2 - 3*x + 3. Let l(t) = -4*c(t) + 5*v(t). What is l(-7)?
-34
Let l(t) = t**2 + 3*t - 1. Suppose 3*q - 56 = -4*q. Let f(k) = -1 - 7 + k**2 - 16*k + 10 + q. Let b be f(15). Give l(b).
9
Let z(g) be the first derivative of 5*g**3/3 - 39*g**2/2 + 9*g - 2998. Determine z(9).
63
Suppose -4 = g + g. Let j = 644 - 630. Let m(l) = 16 + l - 31 + 4*l + j + 0*l. Calculate m(g).
-11
Let x(w) be the first derivative of -w**4/4 + w**3/3 + w**2 + 2*w + 2749. Let n(s) = s**2 - 7*s + 5. Let g be n(6). Determine x(g).
2
Let z(u) = -9*u**2 + 15395*u + 4 + 17*u**2 - 15394*u. What is z(-2)?
34
Let f(u) = 2*u - 2. Suppose g + 5*n = -0*g, 2*g = n - 11. Let z be f(g). Let y = -10 - z. Let r(i) = 3*i + 2. Calculate r(y).
8
Let l(b) = -b**3 - b**2 + 2*b + 3. Let v be l(-2). Let w be 1 + 0 + 4 + 1. Let k(j) = -4*j - 14*j**2 + 4 + w*j**2 + 12*j**2 - j**3. Calculate k(v).
1
Let i(z) be the second derivative of 0 + 1/4*z**5 - 52*z - 1/12*z**4 + 1/2*z**2 + 1/6*z**3. What is i(-1)?
-6
Let c(g) be the first derivative of -g**2 - 5*g - 1. Suppose -32*d + 360 = 28*d - 60. What is c(d)?
-19
Let w = 26688 + -26686. Let o(m) = -7*m + 5. Let s(k) = -6*k + 4. Let f(l) = 4*o(l) - 5*s(l). Determine f(w).
4
Let a(k) = -4*k. Suppose -h = -0*q + 3*q, 4*h = q. Suppose -7*r - 3*r = h. Let m be a(r). Let z(w) = -w**3 - w + 13. What is z(m)?
13
Let d(u) = -7*u**2 + 13*u - 10. Let v(g) = 2*g**2 - 5*g + 1. Let f(l) = -d(l) - 3*v(l). Calculate f(-8).
55
Let l = -4/3905 + 3953/46860. Let q(w) be the second derivative of -7/6*w**3 + 0 + 0*w**2 + 24*w + l*w**4. Calculate q(6).
-6
Let y(s) = 3*s + 3. Let c be y(15). Suppose -k + i = -0*k - 42, 0 = k + 5*i - c. Suppose 0 = -12*d + 139 - k. Let u(v) = v**3 - 8*v**2 + v - 8. Calculate u(d).
0
Let f = 1619 - 1607. Let b(q) be the second derivative of -q**4/12 + 11*q**3/6 + 9*q**2 + q. Let c be b(f). Let i(t) = t**2 - 5*t - 4. Give i(c).
2
Let i(x) = x**2 - 2*x - 1. Let a be i(3). Let j(d) be the second derivative of -d**5/20 + d**4/4 - d**3/3 + d**2 - 119144*d. Calculate j(a).
2
Let f(m) = -2*m**2 + 97*m - 886. Let s be f(36). Let b(q) = -q**2 + 17*q - 31. Determine b(s).
11
Let t(j) = 0*j + 2*j + 884 - 433 - 6*j - 424. Determine t(11).
-17
Let b(h) = -3129*h - 118 + 1573*h + 1552*h. Give b(-33).
14
Let y(s) = s**3 + 8*s**2 - 13*s - 31. Let h be y(-9). Suppose 9 = -2*k - 3*w, -k + 6*k = -4*w - h. Let p(g) = -1 - 2*g + 4*g + 3*g - 4*g + g**k. What is p(0)?
-1
Let q(k) = 4551*k**3 - 4*k**2 + 4532*k**3 - 9082*k**3 - 16*k. Determine q(6).
-24
Let j(r) = r - 4. Let n be ((-6)/(-7))/((-3)/(-21)). Let z be j(n). Let h(k) = -z + 6*k + 7*k + 4*k**2 - 14*k - 5*k**2. What is h(0)?
-2
Let u(t) be the first derivative of 5*t**2/2 - 4*t + 2. Let n be (42 - (-10)/5) + -5 + 0. Suppose -30*o = -n*o + 36. Give u(o).
16
Let m(y) = 8*y**3 - 33*y**2 - 39*y - 19. Let h(o) = -5*o**3 + 18*o**2 + 21*o + 9. Let q(i) = 5*h(i) + 3*m(i). Calculate q(-9).
96
Let o(l) = 1 - 183*l - 141*l + 376*l. Determine o(-1).
-51
Let b(t) = t**3 - 17*t**2 - 26. Let o(u) = -u**3 + 18*u**2 + 29. Let n(h) = -6*b(h) - 5*o(h). Determine n(11).
132
Let a(t) = -11*t**2 + 9*t + 4. Let z(b) = 3*b - 2*b + 2*b + 3 - 6*b**2 - 3*b + 4*b. Let d(y) = -4*a(y) + 7*z(y). Give d(5).
15
Let g(t) = -11*t + 89. Suppose -214*y + 980 = -539 - 407. Calculate g(y).
-10
Let y = -555 + 557. Let u(v) = v**y + 1882 + 1874 - 3748 + 5*v. Give u(-5).
8
Let x(m) be the second derivative of -47*m - 4*m**2 - 3/2*m**3 + 0 + 1/2*m**4 + 1/20*m**5. Determine x(-7).
6
Let o(n) = n + 11 + 5*n - n**2 - 3*n. Let b be o(5). Let i(p) = b + 4 - 4*p - 8 + 6*p. What is i(-6)?
-15
Suppose -175*a + 8 = -171*a. Let w(k) = -k**a - 29 - 12*k**3 + 56 - 25 - 2*k**2. Determine w(-1).
11
Suppose 0 = -3*c + 15 - 0. Suppose -14 - 156 = -17*h. Let a(v) = -20*v**3 - 1 + 19*v**3 - 3 - 4*v + h*v**2 - 2*v**2 - 2*v**2. What is a(c)?
1
Let z(b) = -2*b**2 + 2*b + 1. Let j be (-3 - 0 - 183) + 1. Let p = -181 - j. Calculate z(p).
-23
Let r(f) = -9*f + 3*f**2 + 22*f - 4*f**2 - 4*f - 5. Give r(5).
15
Let y(f) = 14*f + 39 + 67 + f**2 - 133 + 39. Suppose -5*l = -2*l + 24. Determine y(l).
-36
Let i = 65 + -58. Let q(u) = -3*u - 2. Let k(o) = -4*o - 3. Let x(j) = 8*j + 6. Let a(c) = 5*k(c) + 3*x(c). Let g(s) = i*q(s) + 5*a(s). What is g(8)?
-7
Let u = -6 - -2. Let z(c) be the second derivative of -c**3/6 - c**2 + 46*c. Let m be z(u). Let j(t) = t**2 + 2. Calculate j(m).
6
Let l(t) be the first derivative of t**3/3 + 17*t**2/2 + 66*t - 1439. Give l(-8).
-6
Let w(v) = 1. Let l(c) = c**2 - 5*c - 13. Let t(j) = l(j) + 4*w(j). Let g(o) = 27*o - 586. Let m be g(22). Give t(m).
15
Suppose -2*p - 32 + 36 = 0. Let k be ((-2)/3)/(8/(-36)). Let q(z) = z - 3*z + z**3 + p*z - k*z**2 + 1. Give q(2).
-3
Suppose -4*l - 4*v - 989 = -7*l, v + 1323 = 4*l. Let x = -318 + l. Let y(n) = -2*n + 13. Determine y(x).
-13
Let k(t) = t**2 - t. Let h(c) = -c**3 + 23*c**2 + 78*c + 7. Let g be h(26). Suppose 4*i - 4*a - 3 = -g*a, -i - 3*a = -3. Give k(i).
0
Let o(x) = x + 8. Let t(z) = z**2 - 4*z. Let r be t(4). Suppose r = 4*k - 5*h + 30, -k - 3*h + 16 = -3*k. Determine o(k).
3
Let h(y) = 2*y**3 + 21*y**2 + y + 8. Let v(f) = 2*f**3 + 18*f**2 + f + 7. Let o(c) = c**2 - 6*c - 34. Let d be o(10). Let i(u) = d*v(u) - 5*h(u). Give i(-2).
-4
Let j(q) be the second derivative of 1/20*q**5 + 1/6*q**3 - 1/4*q**4 - 5/2*q**2 + 6 - 8*q. What is j(4)?
15
Suppose 5*c - 17 = x - 3, -2*c + 5*x + 1 = 0. Let s(t) = -4*t + 4. Let m be s(1). Let h(p) = m + 5*p + 3 + p - 11*p + 4*p. Give h(c).
0
Let m(s) = -s + 7. Suppose 5*j - 86 + 36 = 0. Suppose -j*c = -9*c - 5. Let u be (c/(-2))/(2/4). What is m(u)?
12
Let n(i) = -2*i**2 - 54*i + 63. Suppose 0 = 62*y + 1849 - 113. Give n(y).
7
Let c(x) = 2*x + 4. Let u be (-3)/12*2*0. Suppose 7*k = -u*k - 84. Let b be -1*k/(0 - 4). Give c(b).
-2
Let b(d) be the third derivative of -d**6/120 - d**5/30 + d**4/4 + d**3/3 + 142*d**2. Let h = 12 - 16. Calculate b(h).
10
Let v(o) be the first derivative of -o**4/4 + 10*o**3/3 + 15*o**2/2 - 45*o - 9213. Calculate v(11).
-1
Let m(c) be the third derivative of -c**4 + c**3/2 + 2*c**2 - 8. Let x(d) = -22*d + 2. Let h(n) = 4*m(n) - 5*x(n). What is h(-2)?
-26
Let c be 3*6/2*(1 - 0). Suppose -o + c - 7 = 0. Let s(y) = o*y - 40*y**3 + 6*y - 10*y**2 + 22*y**3 + 19*y**3. Determine s(9).
-9
Let i be ((-40)/6)/(4 - 112/24). Let j(c) be the second derivative of -c**3/6 - c**2 - 34*c. Calculate j(i).
-12
Let h be ((-12)/(-10))/(36/(-15) - -2). Let k(m) = m**3 + m**2 + 1. Let r(l) = 5*l**3 + 7*l**2 + 2*l + 7. Let o(b) = 4*k(b) - r(b). Give o(h)